actors of g.
11
Let l(h) = -3*h**2 + 5*h + 5. Let i be l(5). List the prime factors of (-10)/i - 86/(-18).
5
Suppose 2*i = 2*b - 12, 4*b + 2*i - 8 = 34. Let y(g) = g**2 + 10*g - 46. List the prime factors of y(b).
5
Let x be 0 - (27/(-3) + 4). Suppose 44 = -x*u - 4*t, 3*u + u + 2*t + 40 = 0. Let p = 45 + u. What are the prime factors of p?
3, 11
What are the prime factors of (41 + -40)/(1/1844)?
2, 461
Let c = -95 + 310. Suppose -3*x = -560 + c. What are the prime factors of x?
5, 23
Let r(n) = 4*n**3 + 2*n**2 + 5*n - 1. Let o(f) = -f**3 + f**2 - f - 1. Let u(k) = 3*o(k) + r(k). List the prime factors of u(-4).
2
Suppose k - t = 4*k + 21, -2*k + 4*t = 28. Let o = 45 + -18. Let z = o + k. What are the prime factors of z?
19
Let k(r) = 6*r - 31*r - 83*r + 4. What are the prime factors of k(-1)?
2, 7
Let g(z) = z**3 - 11*z**2 + 13. Let h be g(11). Suppose -s + 3*s = 138. Suppose s = 16*j - h*j. What are the prime factors of j?
23
Let f(j) = 25*j**2 - 5. List the prime factors of f(-3).
2, 5, 11
Let o(x) be the second derivative of x**5/20 - 2*x**4/3 + 3*x**3/2 + 11*x**2/2 - 29*x. List the prime factors of o(7).
5
Suppose 2*g + 144 = 5*v + 26, -5*g = 20. Let a = 40 - v. Let i = a - -14. What are the prime factors of i?
2
Suppose 1018 = -3*a + 2*r + 3793, -5*r = 15. Suppose a = 5*f + 258. What are the prime factors of f?
7, 19
Let y(g) = g + 75. List the prime factors of y(15).
2, 3, 5
Suppose -6 = j - 2*j. Let g be (20/(-50) + 12/5)/1. Suppose -g*i = -j*i + 328. What are the prime factors of i?
2, 41
Suppose 4*a = u - 1155, 0 = -0*a - 3*a + 9. List the prime factors of u.
3, 389
Let j(q) = 431*q + 13. List the prime factors of j(8).
3461
Suppose t = -5*l - 103, 3*t + 6 = t. Let g = 12 + l. List the prime factors of (-2)/g + 236/16.
3, 5
Let u(o) = 3*o + 5*o - 6 + 5*o**2 - o**3 + 6*o**2 - 2*o**2. What are the prime factors of u(8)?
2, 61
Suppose 0 = -28*g - 16849 + 48433. List the prime factors of g.
2, 3, 47
List the prime factors of -4 + (-4016)/(-12 + 4).
2, 3, 83
What are the prime factors of (1/(-3))/(19915/(-6636) - -3)?
2, 79
What are the prime factors of (48/18 + -3)/(6/(-9990))?
3, 5, 37
Let q = -1823 - -3384. What are the prime factors of q?
7, 223
What are the prime factors of 464151/513 + 2/9?
5, 181
Let b = 93 - 88. Suppose -4*t + 570 = 2*l, b*l = -12 - 3. What are the prime factors of t?
2, 3
Suppose 0 = w - 0*w - 4. Suppose l = 2*l - w. Suppose 74 = l*y - 66. List the prime factors of y.
5, 7
Suppose 3*p + 203*m - 204*m - 9522 = 0, 4*m - 6334 = -2*p. List the prime factors of p.
19, 167
Let o = -636 + 1829. What are the prime factors of o?
1193
Let u be (0 - 1)*15/(-3). Let q(j) = j**2 - 6*j + 3. Let b be q(u). What are the prime factors of (-2)/(460/235 + b)?
47
Let v = 736 - 417. Suppose -105 = 2*l - v. Suppose 5*d - 3*t = l, 80 = -5*d - 5*t + 195. What are the prime factors of d?
2, 11
Let y be 879/21 - (-1)/7. Suppose d = -2*o + y, 4*o = 7*d - 3*d + 84. What are the prime factors of o?
3, 7
Suppose -4 = 25*p - 27*p. Suppose -p*k - 4 = -0*k. List the prime factors of (-138)/k + (-8)/8.
2, 17
Suppose 5*v = -5*w + 35, v - 3*w = -5 + 4. Suppose -v*m = -7*m - 10. Let p(r) = -r**2 - 7*r. What are the prime factors of p(m)?
2, 5
List the prime factors of -5 + 50*(29 - -2).
3, 5, 103
Let o(r) = 8*r + r**2 + 10 - 6*r**2 + 4*r**2. List the prime factors of o(7).
17
Suppose 2*n + 2 = 0, 4*f + n + 28 = 83. Suppose 286 = f*l - 2612. List the prime factors of l.
3, 23
Let j(f) = -2*f**3 + f**3 + 8*f**2 + 56*f + 14 - 39*f. List the prime factors of j(9).
2, 43
Suppose -12*c = c - 20579. What are the prime factors of c?
1583
Suppose -19 = 4*k + 29. Let d = 30 + k. Let y = -10 + d. List the prime factors of y.
2
Let t(m) = 84*m - 674. List the prime factors of t(56).
2, 5, 13, 31
Let v = 99 + -67. Suppose 3 = 5*p - v. List the prime factors of p.
7
Let i be -3*3/18*0. Suppose -5*q + 5 + 15 = i. Suppose s = -q + 18. List the prime factors of s.
2, 7
Let n(u) be the third derivative of u**4/4 - 11*u**3/2 - 40*u**2. List the prime factors of n(12).
3, 13
Suppose -4*d = 5*m - 8*d - 1954, 5*m + 3*d - 1947 = 0. List the prime factors of m.
2, 3, 5, 13
Suppose 3*m + 4 = -4*n, 2*n = -4*m + m - 2. Let p(s) = -33*s. Let f be p(n). What are the prime factors of 100/55 - (-6)/f?
2
Suppose 0 = -2*m - 0*m + 4*g - 4, 3*m + 5*g = 16. Suppose -m*q = -0*q - 2*a, 45 = 4*q + 5*a. Suppose -q*t - 37 = -6*t. List the prime factors of t.
37
Let l(c) = -c**2 + 23*c - 19. List the prime factors of l(16).
3, 31
Let q(g) = 1 - g - g + g**2 + 20*g**3 + 5*g - 4*g. Let f be (-11 + 12)*(-2)/(-2). List the prime factors of q(f).
3, 7
Let x(m) = -m**3 - 2*m**2 + 1. Let l be x(-2). What are the prime factors of ((-2)/2)/(l/(-89))?
89
Let d = -145 - -156. Suppose 0 = 5*k - d*k + 480. List the prime factors of k.
2, 5
Let o = -216 + 308. Suppose 2*w = 7*w + 4*z - o, -2*z = w - 22. What are the prime factors of w?
2
Let x be 1 + -3 - -3 - 1. List the prime factors of (-5 - x)*-15 - -1.
2, 19
Let z = 529 + -21. What are the prime factors of z?
2, 127
Let d be 5/3 - 4/(-12). Suppose x - d*x + 13 = 0. Let v = x + 28. List the prime factors of v.
41
Let k be 2/(-6) - (-1)/3. Suppose -n = -k*n. Suppose 25 + n = c. List the prime factors of c.
5
Let n(k) = k**3 - 12*k**2 + 18*k + 21. Let z be n(10). Suppose 2*a = -z - 1, a - 74 = -5*m. List the prime factors of m.
3, 5
Let t = -112 - -226. What are the prime factors of t?
2, 3, 19
Let u be -5 + (0 - -2 - 1). Let x(f) = -f**3 - 9*f**2 - 2. Let c be x(-7). List the prime factors of u/(-18) - c/36.
3
Let h = 85 - 88. Let b(q) = -5*q**2 - 4*q + 1. Let c be b(-5). What are the prime factors of (h - -5 - c)/2?
53
Suppose 5*y = 7 + 3. Suppose -f - 1035 = -3*o - 4*f, 0 = 5*o + y*f - 1713. What are the prime factors of o?
11, 31
Let n(k) = 36*k**2 - 13*k + 20. What are the prime factors of n(-4)?
2, 3
Let z(c) = c**2 + c - 1. Let g be z(-3). Suppose -f - 3*u = f - 97, 3*u + 190 = g*f. What are the prime factors of f?
41
Suppose h + 3*l = 37, -3*h - 5*l + 151 = -4*l. List the prime factors of h.
2, 13
Let h(z) = 2*z + z**2 + 0*z**2 + 11*z**3 - 1 + 26*z**3 - 2*z**2. Let c(j) = -3*j - 17. Let i be c(-6). List the prime factors of h(i).
37
Let w(r) = 6*r**2 + 6*r - 259. List the prime factors of w(18).
11, 163
What are the prime factors of (314*(-1)/3)/((-48)/504)?
7, 157
Let h be (-10)/(-25) + (-1353)/(-5). Let p = h - 193. List the prime factors of p.
2, 3, 13
Let n(j) = -261*j - 243. List the prime factors of n(-7).
2, 3, 11
Let w(r) = 35*r - 43. List the prime factors of w(8).
3, 79
Suppose 12*b - 9*b - 105 = 0. Suppose 32*r + 165 = b*r. What are the prime factors of r?
5, 11
Let d = 103 + -56. Suppose d - 443 = -9*m. List the prime factors of m.
2, 11
Let d(i) = -2*i - 38. Let b(h) = -h**2 + 6*h + 115. Let a(u) = -4*b(u) - 11*d(u). What are the prime factors of a(-8)?
2, 5, 23
Let l = 276 + -114. Suppose 8*q - l = 662. What are the prime factors of q?
103
Suppose -407 = -6*h + 1753. List the prime factors of h.
2, 3, 5
Suppose 1314 = 8*h - 5*h. List the prime factors of h.
2, 3, 73
Let x = 93 - 193. Let o = x + 166. What are the prime factors of o?
2, 3, 11
List the prime factors of 1367 - -3*32/24.
3, 457
Let o = 24 + -20. What are the prime factors of ((-24)/20)/(o/(-270))?
3
Suppose 3*n = -i + 4872 + 3862, -4*n = i - 11647. List the prime factors of n.
3, 971
Let m(x) = 3*x + 1. Let l be m(0). What are the prime factors of l/(6/4)*(-141)/(-1)?
2, 47
Let z(n) = 398*n - 168. What are the prime factors of z(12)?
2, 3
Let j be (8/(-20))/((-1)/5). Suppose -3*b = j*b. Suppose 5*o - 23 = -4*f, 3*f - 2*o - 26 + 3 = b. List the prime factors of f.
7
Let g(i) = 6*i**2 + 2*i + 40. Let n(t) = -t**3 + t**2 + 9*t - 15. Let z be n(3). List the prime factors of g(z).
2, 61
Let d be (3 + 39/(-9))*-9. Suppose -3*u = 4*a - d, 2*u + a - 8 = 6*a. Suppose 3*b + 48 = u*o - 104, -4*o + 152 = 2*b. List the prime factors of o.
2, 19
What are the prime factors of (-2553)/(-9)*15/5?
23, 37
Let t(b) = -b**2 + 2*b + 3. Let k be t(-1). List the prime factors of k + -3 + (-43)/2*-14.
2, 149
Let n(d) = 3*d + 11. Let l(z) = 2*z + 6. Let x(c) = -5*l(c) + 3*n(c). Let m be x(-7). Suppose -m = -y - y. List the prime factors of y.
5
Let x be 45 + -2 + -2 + 5. Let d = x - 14. Li